 36. What is the remainder when z(r) is divided by 8?
3
Let a(l) = -l**2 + l + 39. Calculate the remainder when a(-5) is divided by 2.
1
Let m(l) = -l**3 - 2*l**2 - 5*l + 9. Calculate the remainder when 114 is divided by m(-4).
53
Suppose -3*p + 3*v + 87 + 15 = 0, -5*v + 100 = 4*p. What is the remainder when 418 is divided by p?
28
Let t(i) = -9*i + 13. Let m be t(-17). Let y = m - 93. What is the remainder when y is divided by 19?
16
Let o(r) = -6*r - 7. Suppose 8*w + 17 = -23. Calculate the remainder when 66 is divided by o(w).
20
What is the remainder when 10/(-4)*(51 - 81) is divided by 62?
13
Suppose 4*f - 14 = 3*d - 272, -430 = -5*d + 4*f. Let z = 2 + 20. Calculate the remainder when d is divided by z.
20
Suppose -3*l + 0*l = -174. What is the remainder when 163 is divided by l?
47
Calculate the remainder when (6/(-3))/(5/(-870)) is divided by 22.
18
Let a = 128 - 82. Suppose -a = -4*h + x + 121, -h - 2*x + 44 = 0. Suppose 4 = 2*i - 4*p - h, -p - 25 = -i. Calculate the remainder when i is divided by 15.
12
Let a(n) = -12*n + 14. Let i be a(-5). Let l = 90 - i. What is the remainder when l is divided by 2?
0
Suppose 4*g + 2*n - 24 = 3*n, -4*g + 32 = n. Suppose v + v - 6 = 0. Suppose -v*u + 7 = -5. Calculate the remainder when g is divided by u.
3
Suppose t - 19 = -4*f, 4*t + 8 = 3*f + 6*t. Calculate the remainder when 73 is divided by (-1)/f*-6*(7 + 0).
3
Let l(d) = -6*d - 101. What is the remainder when 58 is divided by l(-18)?
2
Let g(p) = 3*p**2 + 1. Let j be g(-1). Let h(x) = 6*x - 4. Suppose -271 = 19*o - 1373. Calculate the remainder when o is divided by h(j).
18
Let v = -1 + 2. Let z be 2 - -4 - (v - 0). Suppose -3*x + 23 = z. Calculate the remainder when x is divided by 4.
2
Let b = -202 + 228. What is the remainder when 101 is divided by b?
23
Calculate the remainder when 1*((-5545)/(-55) - (-2)/11) is divided by 13.
10
Suppose -o - 3*m = 24, -5*m = -o - 0*m - 64. Suppose 3*d = -3*f + 66, 3*f + 24*d - 59 = 28*d. Calculate the remainder when 3*2*o/(-6) is divided by f.
18
Suppose -5*b + 5*d = -25, -5*d + 26 + 3 = 4*b. Calculate the remainder when 56 is divided by (-180)/(-6)*3/b.
11
Let x = 536 - 499. Calculate the remainder when x is divided by 10.
7
Let w = -13 - -32. Suppose 63 = 7*b - 4*b. Let n = b - w. What is the remainder when n is divided by 2?
0
Suppose -2*s = -5*s + 6. Suppose -12 = 3*j, -28 = -s*v - 3*j + 74. What is the remainder when v is divided by 30?
27
Let x(r) = -r**2 + 6*r - 4. Let s be x(6). Let t be 2/s*0/(-2). Suppose 0 = 4*c + 5*j - 21 - 40, t = -3*j + 15. What is the remainder when 26 is divided by c?
8
Let b = 6 + -4. Let i(n) = 5*n**2 - 4*n + 3. Let p(m) = -6*m + 8. Calculate the remainder when p(-8) is divided by i(b).
11
Let z be 10/60 - 818/12. Let y = z + 37. Let a = 44 + y. What is the remainder when 62 is divided by a?
10
Suppose -540 = -6*k + 2*k. Let b = k + -88. Suppose 0 = -3*a + 7 + b. Calculate the remainder when 71 is divided by a.
17
Let m(a) = a**3 - 11*a**2 + 11*a - 1. Let j(o) = 4*o - 2. Let r be j(3). Let q = 5 + -2. Calculate the remainder when m(r) is divided by q.
0
Suppose 27*u - 23660 = u. What is the remainder when u is divided by 76?
74
Let h(v) = -7*v + 40. Calculate the remainder when 48 is divided by h(5).
3
Let l = 644 + -372. What is the remainder when l is divided by 46?
42
Suppose -3*a + 84 - 9 = 0. Suppose 0*u + 4*u - 12 = -2*x, 4*x - 2*u + 16 = 0. Calculate the remainder when 2/x*(-1 - 73) is divided by a.
24
Let l be ((-39)/6)/((-3)/24) - 0. Suppose 76 = 5*h + 4*d, -6*h + l = -h - 2*d. What is the remainder when h is divided by 5?
2
Let j(p) = 76*p**2 - 2*p. Calculate the remainder when j(2) is divided by 37.
4
Suppose -16 = -2*a + 12. Let i = 558 + -507. What is the remainder when i is divided by a?
9
Let r = -770 + 1232. Calculate the remainder when r is divided by 16.
14
Let v = 82 - 76. Suppose v = -5*i + 8*i. Calculate the remainder when 8 is divided by i.
0
Suppose 11*r - 52 = 14. Let h(i) = 3*i + 2. What is the remainder when 76 is divided by h(r)?
16
Let w be 7 + 4/(-2 - -6). Let m(k) = k**3 - 9*k**2 + 6*k + 3. Let s be m(w). Let v = 39 + s. Calculate the remainder when v is divided by 7.
5
Suppose 117*i = 99*i + 5076. What is the remainder when i is divided by 99?
84
Let f(l) = 2*l + 20. Let m be f(-10). Suppose 3*w = 15, m = -k + w + 21 - 10. Suppose -9*r + 4*r = -155. What is the remainder when r is divided by k?
15
Let m = -11 - -28. Let z be 2/((-1)/(9/6)). Calculate the remainder when ((-5)/z)/((-1)/(-39)) is divided by m.
14
Let q(d) = d**2 - 3*d - 24. Let p be q(12). Let k = 128 - p. What is the remainder when 174 is divided by k?
42
Let h(q) = q**3 + 23*q**2 + 24*q - 92. What is the remainder when h(-21) is divided by 49?
41
Let x = -337 - -381. What is the remainder when 263 is divided by x?
43
Let x be 4/(-14) + (-29672)/28. Suppose -4*j + 59 = -3*j. Calculate the remainder when j is divided by x/(-70) - (-1)/(-7).
14
Suppose -2 = -11*w - 2. Suppose f + 103 = 4*i - w*f, -5*f - 65 = -2*i. Calculate the remainder when i is divided by 14.
11
Suppose 2*g - 10 - 9 = 5*q, -2*q = -g + 11. Let z(m) = -m**3 - 2*m**2 + 6*m + 2. Suppose -4*j + j = 12. Calculate the remainder when g is divided by z(j).
7
Let h(r) = r**2 + 5*r - 22. Let w be h(-8). Let y = 50 - w. Calculate the remainder when 191 is divided by y.
47
Suppose 17*o = 42*o - 1050. Calculate the remainder when 163 is divided by o.
37
Suppose 3*t - 82 = -208. Let i = 5 - t. Let m = 92 - i. Calculate the remainder when m is divided by 12.
9
Suppose -105 = 7*d - 175. What is the remainder when 108 is divided by d?
8
Let u = -58 - -65. Let b(v) = -v**2 + 14*v - 13. What is the remainder when b(11) is divided by u?
6
Let d be (-3*2)/2 - 3. Let o be 26/8*(-24)/d. Suppose -2*z + o = -z. What is the remainder when z is divided by 4?
1
Let s(q) = 9*q - 21. Let u(c) = c**2 - 2*c + 1. Let a be u(4). What is the remainder when s(a) is divided by 17?
9
Suppose -4*l + 124 = 10*q - 6*q, 0 = -2*l - 10. Calculate the remainder when 120 is divided by q.
12
Suppose -312 = -12*y - 0*y. What is the remainder when y is divided by 14?
12
Suppose 2*g - 5*o - 28 = -g, g = -o + 4. Suppose -5*y + g = -3*y. What is the remainder when 11 is divided by y?
2
Let c(l) = 6*l - 107. What is the remainder when 62 is divided by c(22)?
12
Suppose 2*l + 7 = 3*j + 70, -4*l = 3*j - 99. Calculate the remainder when 291 is divided by l.
21
Let y be (-10)/(-15) - (-3972)/9. Suppose 5*d = -j + 101, 0 = -5*j - 4*d - 0*d + y. Calculate the remainder when j is divided by 22.
20
Suppose 14 = 2*a + a + 5*c, 2*a - 9 = -3*c. Suppose -5*p + p + 5*j = -140, -5*p = 3*j - 175. What is the remainder when p is divided by (-48)/((-12)/3) - a?
8
Suppose s + 2*d + 5 = 0, 3*s + 10 - 7 = -3*d. Calculate the remainder when 706 is divided by s.
1
Suppose 0 = -5*s + 49 - 34. Suppose 0 = -s*i - 34 + 163. What is the remainder when 85 is divided by i?
42
Let u(n) = n + 3. Let s be u(7). Let a(h) = h**2 - 4*h + 13. What is the remainder when ((-268)/s)/(6/(-30)) is divided by a(7)?
32
Suppose 5*x - 4*a - 9 = 0, -a - 4*a - 5 = -5*x. Suppose 0 = -x*t + 73 - 13. Calculate the remainder when 59 is divided by t.
11
Suppose 2*l - 13 = 5*m - 4*m, 0 = -l + 3*m + 14. What is the remainder when -34*l/(-20)*2 is divided by 9?
8
Let j = 73 + -37. Suppose 9*q - 12*q + j = 0. What is the remainder when 35 is divided by q?
11
Suppose 5*d - 19 = 3*n, 0*n + 23 = 3*d + 4*n. Suppose 0 = 3*y - 2*l - 89, d*l - 8*l = -2*y + 66. Calculate the remainder when (0 + 26/(-3))*-9 is divided by y.
24
Let l(u) = u**3 + u**2 + 3*u - 1. Let o be l(-2). Suppose 0 = 4*v + 3*y - 105, 0 = -y - 3*y + 12. Let a = v + o. What is the remainder when a is divided by 4?
1
Let d(s) = s**2 - 15*s + 18. Let p be 2/(-1 - (1 + -1)). Let j = 11 + p. Calculate the remainder when j is divided by d(14).
1
Let j = -19 + 17. Calculate the remainder when (-1)/(-5) + (-1284)/(-30) is divided by j/(-6) + (-32)/(-3).
10
Suppose 3*x = -2*x + 45. Let l(v) = -v**2 + 3*v - 2. Let i be l(2). What is the remainder when x is divided by (-3 - i)*1 - -7?
1
Let n(q) = -14*q + 2. Let g be (-11)/44 - (-38)/(-8). Let p be n(g). What is the remainder when (p - 2)/((-14)/(-7)) is divided by 9?
8
Suppose -2*y - 6 = 0, -4*y - 21 = -4*q - 